*3 + 720*t**2 + 71*t + 192. Give b(38).
2
Let u(d) = 8*d**2 + 2*d - 43. What is u(-3)?
23
Let s(a) = -59*a - 3384. Calculate s(-57).
-21
Let l(i) = -i**3 - 26*i**2 - 33*i - 196. Determine l(-25).
4
Let u(d) = -2*d**3 - 18*d**2 + 33*d - 6. Give u(2).
-28
Let o(c) = c**3 - 5*c**2 - 14*c - 6. Give o(7).
-6
Let t(x) = 298*x + 2916. Calculate t(-10).
-64
Let f(k) = 2*k**2 + 48*k - 104. Give f(0).
-104
Let b(k) = 405*k - 1517. What is b(6)?
913
Let r(j) = -12*j + 69. What is r(8)?
-27
Let o(t) = -89*t - 3359. What is o(-38)?
23
Let z(q) = q + 20. Determine z(-54).
-34
Let p(f) = -4*f**3 + 32*f**2 - 6*f - 41. What is p(9)?
-419
Let n(w) = -17*w**2 - 19*w - 82. Determine n(-3).
-178
Let f(u) = 421*u - 18517. Determine f(44).
7
Let d(z) = 2*z**3 - 160*z**2 - 9*z + 720. Give d(80).
0
Let l(b) = 83*b - 916. Determine l(11).
-3
Let z(t) = -t**3 - 43*t**2 - 35*t + 288. Give z(-42).
-6
Let m(n) = -n**2 + 8*n + 149. Give m(-8).
21
Let r(w) = -3*w**3 + 252*w**2 - 248*w - 72. Determine r(83).
11
Let j(m) = 6*m**3 - 19*m**2 - 30*m + 48. Calculate j(1).
5
Let m(v) = -v**3 + v**2 - 3*v + 303. What is m(0)?
303
Let q(s) = -10*s + 29. Determine q(6).
-31
Let y(n) = -4*n**3 - 106*n**2 - 49*n + 88. Give y(-26).
10
Let m(p) = 1894*p + 17043. What is m(-9)?
-3
Let o(j) = 984*j + 37401. Determine o(-38).
9
Let d(g) = 3*g**2 - 70*g - 694. Determine d(-8).
58
Let l(a) = -3*a**2 + 718*a + 11451. Determine l(-15).
6
Let r(p) = -3*p + 28. What is r(4)?
16
Let w(y) = -37*y - 126. Calculate w(5).
-311
Let g(h) = 39*h + 233. Give g(-6).
-1
Let i(n) = n**2 + 95*n + 2185. Determine i(-42).
-41
Let t(u) = -353*u - 7412. Calculate t(-21).
1
Let d(o) = o**3 - 6*o**2 + 6035*o - 42293. Calculate d(7).
1
Let x(h) = 118*h - 2818. What is x(24)?
14
Let a(m) = 5513*m - 33083. Determine a(6).
-5
Let n(z) = 4*z**2 - 57*z + 195. What is n(7)?
-8
Let b(w) = w**3 + 25*w**2 - 5*w + 571. What is b(-26)?
25
Let z(u) = u**2 - 60*u + 471. What is z(10)?
-29
Let d(a) = 2379*a + 23793. Give d(-10).
3
Let u(j) = -830*j + 49804. Calculate u(60).
4
Let d(w) = -9*w**2 - 234*w - 234. Give d(-1).
-9
Let p(y) = 2*y**2 + 25*y + 30. Calculate p(-12).
18
Let j(n) = 4*n**2 + 7*n + 79. Calculate j(8).
391
Let g(o) = -o**3 + 132*o**2 + 1887*o - 274. Calculate g(145).
16
Let d(a) = -a**2 + 2235*a + 22448. Determine d(-10).
-2
Let k(p) = -p**2 + 10*p + 27. What is k(-7)?
-92
Let x(q) = 4*q**3 - 366*q**2 + 181*q - 176. Give x(91).
-267
Let h(g) = 71*g + 161. Determine h(-4).
-123
Let q(c) = -62*c + 658. Give q(10).
38
Let m(z) = -466*z + 34935. Calculate m(75).
-15
Let m(c) = 92*c - 2121. What is m(23)?
-5
Let t(u) = u**3 - 13*u**2 + 4*u - 232. Determine t(14).
20
Let u(y) = 5*y**2 + 201*y + 1193. Determine u(-33).
5
Let a(u) = 2*u + 139. Determine a(4).
147
Let d(t) = -164*t - 329. What is d(-2)?
-1
Let k(t) = t**2 - 271*t + 1945. Calculate k(7).
97
Let r(u) = -u**2 + 1553*u + 41061. Calculate r(-26).
7
Let v(o) = -4403*o - 48439. What is v(-11)?
-6
Let l(b) = -b**3 - 77*b**2 + 408*b - 121. Give l(-82).
43
Let o(z) = -23*z - 207. What is o(-12)?
69
Let f(n) = n**3 - 15*n**2 - 58*n + 10. Determine f(18).
-62
Let i(a) = 65*a + 1556. Calculate i(-24).
-4
Let b(r) = 5*r**3 - 199*r**2 - 46*r + 239. Determine b(40).
-1
Let d(c) = -c**2 + 10*c + 294. Give d(-13).
-5
Let i(p) = 447*p - 559. Give i(1).
-112
Let h(u) = 367*u - 1115. What is h(3)?
-14
Let o(s) = -s**3 - 110*s**2 + 1597*s - 241. Give o(-123).
5
Let w(g) = 4*g**3 + 20*g**2 - 6*g - 15. Determine w(-6).
-123
Let i(t) = -135*t + 1786. Determine i(13).
31
Let i(g) = g**2 - 18*g - 2375. Give i(59).
44
Let c(y) = y**3 + 21*y**2 - 98*y + 58. Calculate c(-25).
8
Let p(m) = 27*m + 18. What is p(-1)?
-9
Let u(s) = s**3 - 125*s**2 + 929*s + 829. What is u(117)?
10
Let u(z) = z**2 + 206*z + 6127. Give u(-170).
7
Let v(a) = -85*a + 1268. What is v(25)?
-857
Let v(x) = 27*x**2 - 157*x - 10. Determine v(6).
20
Let l(f) = 372*f - 5223. What is l(14)?
-15
Let p(z) = -z**2 + 12*z - 53. Give p(12).
-53
Let k(l) = -l**3 + 31*l**2 + 265*l + 44. Calculate k(38).
6
Let x(k) = -7*k**2 - 33*k + 4. What is x(-5)?
-6
Let z(y) = 337*y + 12807. Determine z(-38).
1
Let g(o) = -6*o**2 + 295*o - 1757. What is g(7)?
14
Let k(l) = -16*l**2 - 13*l - 18. Determine k(-6).
-516
Let f(m) = 80*m - 787. Give f(9).
-67
Let f(b) = -b**2 - 7*b + 14. What is f(-10)?
-16
Let y(p) = -p**3 + 24*p**2 - 82*p + 37. Determine y(20).
-3
Let j(g) = -g**3 - 3*g**2 - 14*g - 175. What is j(-6)?
17
Let c(o) = 2*o**2 - 134*o. What is c(67)?
0
Let m(l) = 2*l**3 - 83*l**2 - 131*l + 92. What is m(43)?
6
Let a(j) = 117*j + 3761. Give a(-32).
17
Let i(w) = 280*w - 8689. Determine i(31).
-9
Let l(c) = 2*c**2 + 13*c - 30. Give l(-16).
274
Let x(z) = 163*z + 1499. Calculate x(-9).
32
Let i(b) = -b**2 + 213*b - 838. Calculate i(4).
-2
Let y(s) = s**2 + 41*s + 13. What is y(0)?
13
Let t(k) = k**3 + 36*k**2 - 24*k - 11. Calculate t(1).
2
Let w(g) = 3029*g - 66643. What is w(22)?
-5
Let n(b) = 664*b + 135463. What is n(-204)?
7
Let v(c) = -c**3 + 16*c**2 + 2*c + 30. What is v(14)?
450
Let a(h) = -2*h**2 + 9*h + 19. Calculate a(4).
23
Let p(x) = -2*x**2 + 37*x + 132. Give p(-4).
-48
Let y(v) = 3*v**3 - 65*v**2 + 232*v + 3. Determine y(17).
-99
Let t(w) = w**2 + 39*w - 395. Calculate t(8).
-19
Let y(n) = 198*n + 3336. What is y(-17)?
-30
Let x(r) = -344*r - 8257. Calculate x(-24).
-1
Let f(s) = -s**3 + s**2 + 17*s + 113. Give f(8).
-199
Let d(y) = -53*y**3 + 3*y**2 + 242*y + 239. Give d(-1).
53
Let y(j) = j**3 - 12*j**2 - 10*j - 55. Calculate y(13).
-16
Let t(q) = -38*q**2 - 161*q + 165. Give t(1).
-34
Let z(n) = -n**3 + 7*n**2 - n - 28. What is z(7)?
-35
Let i(l) = -31*l + 88. Calculate i(-12).
460
Let b(d) = -d**3 + 11*d**2 + 10*d - 27. Calculate b(12).
-51
Let o(l) = -2*l**3 - 23*l**2 - 7*l + 6. What is o(-10)?
-224
Let m(j) = -211*j + 11607. What is m(55)?
2
Let c(i) = 16*i**2 - 159*i - 14. Calculate c(10).
-4
Let s(l) = l**3 + 8*l**2 - 80*l - 652. Calculate s(-9).
-13
Let i(x) = -x**3 - 46*x**2 - 126*x + 129. Calculate i(-43).
0
Let b(l) = -50*l + 466. Calculate b(12).
-134
Let z(n) = -5*n**2 - 409*n - 168. Determine z(-82).
-250
Let y(r) = 305*r + 2532. Calculate y(-8).
92
Let g(w) = 14*w**2 - 586*w - 87. Determine g(42).
-3
Let c(r) = -88*r + 8878. Determine c(101).
-10
Let s(p) = -2*p**3 - 56*p**2 + 577*p + 35. What is s(-36)?
-1
Let a(f) = f**2 - 782*f - 4670. Give a(-6).
58
Let x(m) = 3*m**3 + 3*m**2 - 2*m + 31. What is x(0)?
31
Let j(p) = 25*p**2 - 122*p - 1. Determine j(4).
-89
Let b(s) = -s**3 - 46*s**2 - 170*s - 75. Calculate b(-42).
9
Let i(f) = 4*f**2 + 202*f + 61. Calculate i(-50).
-39
Let u(p) = p**3 + 12*p**2 - 108*p + 75. Calculate u(-19).
-400
Let h(b) = -b**3 + 13*b**2 + 12*b - 137. Calculate h(7).
241
Let w(x) = -x**2 - 143*x - 2749. What is w(-23)?
11
Let q(z) = 1551*z + 54288. Give q(-35).
3
Let x(i) = -5*i**2 + 27*i - 2. Calculate x(4).
26
Let q(r) = 2*r**2 + 35*r + 134. Determine q(-12).
2
Let j(p) = p**2 - 17*p + 74. Determine j(22).
184
Let j(a) = -156*a - 1715. What is j(-11)?
1
Let o(j) = -10*j - 245. Determine o(-26).
15
Let r(p) = -12*p + 29. Give r(2).
5
Let j(t) = 4*t**3 + 4*t**2 + 27*t + 24. What is j(-1)?
-3
Let k(l) = -l**3 + 41*l**2 + 5*l - 196. Give k(41).
9
Let u(q) = q**3 - 4*q**2 - 3*q + 5. Calculate u(2).
-9
Let g(j) = j**3 - 16*j**2 - 423*j + 6891. Determine g(17).
-11
Let g(i) = 8595*i - 34376. Calculate g(4).
4
Let k(u) = -u**2 + 4*u + 51. Determine k(13).
-66
Let u(i) = -i**3 + 4*i**2 - 12*i - 37. Calculate u(-2).
11
Let l(x) = 8*x**2 - 722*x - 531. Give l(91).
15
Let n(y) = -41*y + 743. What is n(25)?
-282
Let h(m) = -m**2 - 45*m - 451. Determine h(-30).
-1
Let p(a) = -3308*a + 33071. Determine p(10).
-9
Let n(s) = -236*s**3 - 4*s**2 + 12*s - 7. Calculate n(1).
-235
Let j(t) = -880*t + 5286. Give j(6).
6
Let s(t) = -t + 134. Determine s(4).
130
Let x(g) = g**3 + 18*g**2 - 7*g + 58. Determine x(-18).
184
Let u(s) = s**3 - s**2 - 34*s + 2. Determine u(-6).
-46
Let w(d) = d**3 - 86*d**2 - 396*d + 3250. What is w(90)?
10
Let j(l) = -3*l**2 - 118*l - 608. Calculate j(-6).
-8
Let h(j) = -159*j + 1583. Give h(10).
-7
Let u(v) = v**3 + 44*v**2 + 62*v - 705. Calculate u(-42).
219
Let y(s) = -s**3 + 16*s**2 - 36*s + 16. What is y(14)?
-96
Let j(n) = -2*n**3 + 118*n**2 - 116*n + 1. Calculat